llions digit of 94203410?
9
What is the thousands digit of 8334528?
4
What is the units digit of 341821164?
4
What is the ten thousands digit of 4069990307?
9
What is the ten millions digit of 823952352?
2
What is the tens digit of 3980298?
9
What is the hundreds digit of 87678863?
8
What is the units digit of 48785279?
9
What is the units digit of 39225787?
7
What is the hundreds digit of 457907368?
3
What is the tens digit of 1419531006?
0
What is the hundred thousands digit of 1295139339?
1
What is the hundred thousands digit of 328018963?
0
What is the ten millions digit of 87205626?
8
What is the hundred thousands digit of 65517415?
5
What is the hundreds digit of 7358134?
1
What is the tens digit of 2301884911?
1
What is the tens digit of 2082119?
1
What is the ten millions digit of 465850172?
6
What is the tens digit of 52285961?
6
What is the ten thousands digit of 225054797?
5
What is the ten millions digit of 275542406?
7
What is the thousands digit of 2977091905?
1
What is the units digit of 229619795?
5
What is the ten millions digit of 101151691?
0
What is the units digit of 55347617?
7
What is the ten millions digit of 3304055373?
0
What is the thousands digit of 448891912?
1
What is the ten millions digit of 84892028?
8
What is the thousands digit of 190130763?
0
What is the millions digit of 1997480842?
7
What is the millions digit of 3497568131?
7
What is the hundred millions digit of 249692219?
2
What is the hundred thousands digit of 25976781?
9
What is the tens digit of 446532313?
1
What is the ten millions digit of 292457776?
9
What is the ten millions digit of 283855950?
8
What is the billions digit of 2000790863?
2
What is the ten thousands digit of 193141775?
4
What is the thousands digit of 78167011?
7
What is the millions digit of 3349284922?
9
What is the billions digit of 6183243141?
6
What is the thousands digit of 3549006174?
6
What is the billions digit of 1259973688?
1
What is the thousands digit of 61321335?
1
What is the hundred millions digit of 1559676094?
5
What is the hundred thousands digit of 1049688886?
6
What is the tens digit of 88164569?
6
What is the units digit of 48225182?
2
What is the billions digit of 1114792560?
1
What is the ten millions digit of 3641625678?
4
What is the hundred thousands digit of 354379245?
3
What is the thousands digit of 1589008732?
8
What is the units digit of 119975854?
4
What is the tens digit of 181257789?
8
What is the thousands digit of 16799949?
9
What is the millions digit of 2037477090?
7
What is the ten millions digit of 1123300755?
2
What is the thousands digit of 2565768759?
8
What is the hundred millions digit of 225681598?
2
What is the ten thousands digit of 444233735?
3
What is the hundreds digit of 162144029?
0
What is the ten thousands digit of 2853749797?
4
What is the hundred thousands digit of 122955776?
9
What is the ten millions digit of 158930619?
5
What is the thousands digit of 54606835?
6
What is the units digit of 1294645361?
1
What is the hundred thousands digit of 116990479?
9
What is the hundred thousands digit of 966272752?
2
What is the ten thousands digit of 4081511609?
1
What is the units digit of 95688437?
7
What is the thousands digit of 50072649?
2
What is the millions digit of 18690206?
8
What is the tens digit of 271246775?
7
What is the units digit of 85932202?
2
What is the thousands digit of 1051727113?
7
What is the ten millions digit of 709068042?
0
What is the units digit of 85727077?
7
What is the hundred thousands digit of 2575882805?
8
What is the hundreds digit of 618854757?
7
What is the hundreds digit of 2593090573?
5
What is the hundred thousands digit of 3393329969?
3
What is the thousands digit of 2066406331?
6
What is the units digit of 94367145?
5
What is the millions digit of 235390615?
5
What is the tens digit of 3742669863?
6
What is the tens digit of 35337239?
3
What is the millions digit of 918315849?
8
What is the units digit of 1653333380?
0
What is the ten millions digit of 581577347?
8
What is the ten millions digit of 521351156?
2
What is the billions digit of 5539924476?
5
What is the units digit of 136605204?
4
What is the ten thousands digit of 16524672?
2
What is the hundred millions digit of 2813955590?
8
What is the hundred millions digit of 1555969034?
5
What is the millions digit of 1544542621?
4
What is the thousands digit of 301514765?
4
What is the tens digit of 116266749?
4
What is the tens digit of 116464976?
7
What is the thousands digit of 7449232?
9
What is the billions digit of 5452540418?
5
What is the billions digit of 2462365075?
2
What is the hundred thousands digit of 1062013971?
0
What is the thousands digit of 969296830?
6
What is the units digit of 27455674?
4
What is the units digit of 295143741?
1
What is the millions digit of 31416680?
1
What is the units digit of 15088956?
6
What is the thousands digit of 142175727?
5
What is the tens digit of 316124963?
6
What is the ten thousands digit of 990629261?
2
What is the units digit of 4625940025?
5
What is the ten thousands digit of 738095650?
9
What is the hundreds digit of 1042869999?
9
What is the hundred thousands digit of 1060392200?
3
What is the units digit of 976913623?
3
What is the hundred thousands digit of 42324841?
3
What is the ten thousands digit of 2644468?
4
What is the millions digit of 60204687?
0
What is the tens digit of 134356139?
3
What is the hundred thousands digit of 1174347400?
3
What is the ten millions digit of 14959121?
1
What is the thousands digit of 1793910188?
0
What is the hundreds digit of 1716326323?
3
What is the ten millions digit of 185290166?
8
What is the thousands digit of 37156937?
6
What is the millions digit of 1494634590?
4
What is the units digit of 968189721?
1
What is the units digit of 29992284?
4
What is the ten millions digit of 21996055?
2
What is the tens digit of 494234633?
3
What is the billions digit of 1307691680?
1
What is the thousands digit of 124606456?
6
What is the tens digit of 745651009?
0
What is the units digit of 356879582?
2
What is the units digit of 114858621?
1
What is the units digit of 4338117144?
4
What is the units digit of 260998078?
8
What is the hundred thousands digit of 57709516?
7
What is the tens digit of 601659496?
9
What is the ten millions digit of 3594576061?
9
What is the tens digit of 105660280?
8
What is the hundred thousands digit of 1408385720?
3
What is the ten millions digit of 98386838?
9
What is the hundred thousands digit of 85028458?
0
What is the thousands digit of 381572849?
2
What is the tens digit of 113446006?
0
What is the millions digit of 1317129053?
7
What is the millions digit of 5215056002?
5
What is the hundreds digit of 511577665?
6
What is the billions digit of 3571558273?
3
What is the hundreds digit of 999538807?
8
What is the millions digit of 20877924?
0
What is the hundred millions digit of 7975873950?
9
What is the hundred thousands digit of 505783572?
7
What is the hundreds digit of 1454613885?
8
What is the millions digit of 224737567?
4
What is the ten millions digit of 350046437?
5
What is the hundreds digit of 23932507?
5
What is the units digit of 990518851?
1
What is the ten millions digit of 2576358656?
7
What is the millions digit of 1086970465?
6
What is the units digit of 35287823?
3
What is the tens digit of 38057507?
0
What is the tens digit of 1486862040?
4
What is the billions digit of 1331637055?
1
What is the units digit of 71388692?
2
What is the tens digit of 5656070897?
9
What is the hundred millions digit of 931623014?
9
What is the hundreds digit of 185071123?
1
What is the units digit of 1786984072?
2
What is the hundred millions digit of 246878441?
2
What is the hundreds digit of 298793313?
3
What is the tens digit of 1002596394?
9
What is the ten millions digit of 1256828516?
5
What is the thousands digit of 1029058294?
8
What is the units digit of 10593132?
2
What is the thousands digit of 206002154?
2
What is the units digit of 15734074?
4
What is the ten millions digit of 1323358880?
2
What is the ten thousands digit of 515896260?
9
What is the millions digit of 1117758824?
7
What is the millions digit of 6342808696?
2
What is the ten thousands digit of 42359919?
5
What is the thous